{"id":41,"date":"2018-04-03T18:42:01","date_gmt":"2018-04-03T18:42:01","guid":{"rendered":"https:\/\/sverigegaddan.wordpress.com\/?page_id=39"},"modified":"2018-04-03T18:42:01","modified_gmt":"2018-04-03T18:42:01","slug":"regler","status":"publish","type":"page","link":"https:\/\/www.sverigeborren.com\/index.php\/regler\/","title":{"rendered":"Regler &amp; Information"},"content":{"rendered":"\n<p>V\u00e4nligen l\u00e4s f\u00f6ljande regler noga innan du mejlar fr\u00e5gor till oss!<\/p>\n\n\n\n<p><strong>Regler samt information inf\u00f6r SverigeBorren<\/strong><\/p>\n\n\n\n<div>T\u00e4vlingen anordnas p\u00e5 ett s\u00e4tt som inkluderar alla, oavsett f\u00f6ruts\u00e4ttningar. Det spelar ingen roll var ni bor, var ni fiskar eller vad f\u00f6r m\u00f6jligheter till b\u00e5t ni har. Alla \u00e4r v\u00e4lkomna! Anm\u00e4lningsavgifterna g\u00e5r oavkortat till Sportfiskarna och olika projekt de genomf\u00f6r, mer om det kan ni se under fliken &#8220;Sportfiskarna&#8221;.<\/div>\n\n\n\n<div>V\u00e4nligen l\u00e4s reglerna, om n\u00e5got fortfarande \u00e4r oklart s\u00e5 tveka inte att kontakta oss.<\/div>\n\n\n\n<div>&nbsp;<\/div>\n\n\n\n<ul class=\"wp-block-list\"><li>SverigeBorren \u00e4r en t\u00e4vling som ska vara tillg\u00e4nglig f\u00f6r alla. D\u00e4rf\u00f6r kan du fiska tillsammans med n\u00e5gon p\u00e5 annan ort, som ett team, \u00e4ven om ni fiskar i olika sj\u00f6ar.<\/li><\/ul>\n\n\n\n<ul class=\"wp-block-list\"><li>Anm\u00e4lningsavgiften \u00e4r 200:- per lag, och dessa pengar g\u00e5r oavkortat till v\u00e4lg\u00f6rande \u00e4ndam\u00e5l inom Sportfiskarna. Denna summa g\u00e5r inte att kr\u00e4va tillbaka efter anm\u00e4lan \u00e4r gjord. Anm\u00e4lan g\u00f6rs under fliken &#8220;anm\u00e4lan&#8221;.<\/li><\/ul>\n\n\n\n<ul class=\"wp-block-list\"><li>T\u00e4vlingsdatum: 13\/8-2022, kl 08.00 &#8211; 16.00. Abborrar som rapporteras innan eller efter dessa klockslag kommer inte att r\u00e4knas.<\/li><\/ul>\n\n\n\n<ul class=\"wp-block-list\"><li>Kl 07.55 p\u00e5 t\u00e4vlingsdagen kommer ett nummer skickas ut p\u00e5 facebook (<a href=\"https:\/\/www.facebook.com\/SverigeBorren-102500384814744\">@SverigeBorren<\/a>) samt Instagram (<a href=\"https:\/\/www.instagram.com\/sverigeborren\/\">@SverigeBorren<\/a>). Detta nummer ska synas p\u00e5 foto tillsammans med abborrar ni rapporterar. Numret kan t.ex skrivas p\u00e5 en lapp som h\u00e5lls upp, p\u00e5 m\u00e4tbr\u00e4da eller p\u00e5 handen. Detta g\u00f6r vi f\u00f6r att f\u00f6rs\u00e4kra oss om att abborrarna verkligen \u00e4r tagna p\u00e5 t\u00e4vlingsdagen.<\/li><\/ul>\n\n\n\n<ul class=\"wp-block-list\"><li>Abborrarna som rapporteras ska vara \u00f6ver 30 cm. Det \u00e4r den sammanlagda l\u00e4ngden p\u00e5 lagets tre l\u00e4ngsta abborrarna som blir ert slutliga resultat.<\/li><\/ul>\n\n\n\n<ul class=\"wp-block-list\"><li>G\u00e4llande m\u00e4tning av fisken s\u00e5 g\u00e4ller f\u00f6ljande: &#8211; Max en hand p\u00e5 fisken vid fototillf\u00e4llet tillsammans med m\u00e4tutrustning, ingen hand f\u00e5r vidr\u00f6ra huvudet. Dessa regler g\u00e4ller pga att en tv\u00e5handsfattning p\u00e5 fisken samt en utsp\u00e4rrad mun kan ge ett par extra centimeter, kanske \u00e4nnu mer om man \u00e4r mer v\u00e5ldsam mot fisken. Vi v\u00e4rnar om fisken, samt att vi vill ha r\u00e4ttvisa resultat. T\u00e4nk p\u00e5 att huvudet ska vara mot noll.<\/li><\/ul>\n\n\n\n<ul class=\"wp-block-list\"><li>C&amp;R ska bedrivas under t\u00e4vlingen, och bilder d\u00e4r abborrarna m\u00e4ts mot underlag som kan skada fisken leder till diskvalificering. S\u00e5dana underlag kan vara exempelvis brygga, torr mark eller stenh\u00e4ll.<\/li><\/ul>\n\n\n\n<ul class=\"wp-block-list\"><li>abborrarna ska fotas mot m\u00e4tbr\u00e4da (eller annan l\u00e4mplig m\u00e4tutrustning) tillsammans med numret som skickas ut, b\u00e5de nummer och abborrens l\u00e4ngd ska synas tydligt. Den ska ocks\u00e5 fotas tillsammans med f\u00e5ngstman + nummer, ocks\u00e5 d\u00e4r ska numret synas tydligt.<\/li><\/ul>\n\n\n\n<ul class=\"wp-block-list\"><li>T\u00e4vlingsansvariga \u00e4r domare i t\u00e4vlingen, och avg\u00f6r om abborrarna har behandlats korrekt samt om m\u00e5tten ni anger st\u00e4mmer. Misst\u00e4nks fusk s\u00e5 r\u00e4knas inte abborren. Dessa beslut ska respekteras.<\/li><\/ul>\n\n\n\n<ul class=\"wp-block-list\"><li>Rapportering sker till SverigeBorrens facebook via messenger. Tillsammans med bilderna ni skickar ska \u00e4ven lagets namn skrivas samt cm p\u00e5 abborrarna. Rapportera direkt n\u00e4r aborren f\u00e5ngats och sl\u00e4ppts tillbaka.<\/li><\/ul>\n\n\n\n<ul class=\"wp-block-list\"><li>Vi vill endast ha rapportering om ni uppgraderar, om ni har tre abborrar p\u00e5 35 cm styck s\u00e5 beh\u00f6ver ni inte rapportera om ni f\u00e5r en p\u00e5 30 cm.<\/li><\/ul>\n\n\n\n<ul class=\"wp-block-list\"><li>Om flera lag hamnar p\u00e5 samma slutresultat, s\u00e5 avg\u00f6rs det p\u00e5 l\u00e4ngsta enskilda abborre. Om lag har samma l\u00e4ngd \u00e4ven d\u00e4r, kommer det avg\u00f6ras p\u00e5 vid vilken tidpunkt den l\u00e4ngsta abborren rapporterades.<\/li><\/ul>\n\n\n\n<ul class=\"wp-block-list\"><li>Regler g\u00e4llande l\u00e4ngst fisk, har tv\u00e5 personer f\u00e5ngat samma l\u00e4ngd \u00e4r det den som rapporterade den l\u00e4ngsta fisken f\u00f6rst som vinner.<\/li><\/ul>\n\n\n\n<ul class=\"wp-block-list\"><li>Fiske f\u00e5r bedrivas i hela Sverige, d\u00e4r det \u00e4r till\u00e5tet. Fiskar du i olovligt vatten, s\u00e5som privata omr\u00e5den, skyddsomr\u00e5den, lekomr\u00e5den eller milit\u00e4romr\u00e5den blir ni omedelbart diskvalificerade. Sj\u00e4lvklart ska ni ha fiskekort f\u00f6r det vatten d\u00e4r ni v\u00e4ljer att fiska. T\u00e4nk \u00e4ven p\u00e5 att ta h\u00e4nsyn till privata ramper samt parkering vid de vatten ni bes\u00f6ker.<\/li><\/ul>\n\n\n\n<ul class=\"wp-block-list\"><li>Till\u00e5tna metoder \u00e4r handredskap, allts\u00e5 spinn, fluga, vertikal. Endast ett sp\u00f6 per deltagare \u00e4r till\u00e5tet. (Trolling \u00e4r inte till\u00e5tet)<\/li><\/ul>\n\n\n\n<ul class=\"wp-block-list\"><li>Priser delas ut till de tre b\u00e4st placerade lagen. \u00c4ven ett separat pris f\u00f6r t\u00e4vlingens l\u00e4ngsta abborre delas ut. Dessa priser best\u00e5r av s\u00e5dant som butiker och betesbyggare bidrar med, eftersom anm\u00e4lningsavgifterna g\u00e5r till Sportfiskarna.<\/li><\/ul>\n\n\n\n<ul class=\"wp-block-list\"><li>T\u00e4vlingsledningen ansvarar inte f\u00f6r deltagarnas h\u00e4lsa eller utrustning under t\u00e4vlingen.<\/li><\/ul>\n\n\n\n<ul class=\"wp-block-list\"><li>Sista anm\u00e4lningsdag: 10\/8-2020, kl 17.00. <\/li><\/ul>\n\n\n\n<ul class=\"wp-block-list\"><li>Man f\u00e5r t\u00e4vla ensam, men man f\u00e5r vara max 3 deltagare i ett team.<\/li><\/ul>\n\n\n\n<p><\/p>\n","protected":false},"excerpt":{"rendered":"<p>V\u00e4nligen l\u00e4s f\u00f6ljande regler noga innan du mejlar fr\u00e5gor till oss! Regler samt information inf\u00f6r SverigeBorren T\u00e4vlingen anordnas p\u00e5 ett s\u00e4tt som inkluderar alla, oavsett f\u00f6ruts\u00e4ttningar. Det spelar ingen roll var ni bor, var ni fiskar eller vad f\u00f6r m\u00f6jligheter till b\u00e5t ni har. Alla \u00e4r v\u00e4lkomna! Anm\u00e4lningsavgifterna g\u00e5r oavkortat till Sportfiskarna och olika projekt [&hellip;]<\/p>\n","protected":false},"author":1,"featured_media":0,"parent":0,"menu_order":0,"comment_status":"closed","ping_status":"closed","template":"","meta":{"footnotes":""},"class_list":["post-41","page","type-page","status-publish","hentry"],"_links":{"self":[{"href":"https:\/\/www.sverigeborren.com\/index.php\/wp-json\/wp\/v2\/pages\/41","targetHints":{"allow":["GET"]}}],"collection":[{"href":"https:\/\/www.sverigeborren.com\/index.php\/wp-json\/wp\/v2\/pages"}],"about":[{"href":"https:\/\/www.sverigeborren.com\/index.php\/wp-json\/wp\/v2\/types\/page"}],"author":[{"embeddable":true,"href":"https:\/\/www.sverigeborren.com\/index.php\/wp-json\/wp\/v2\/users\/1"}],"replies":[{"embeddable":true,"href":"https:\/\/www.sverigeborren.com\/index.php\/wp-json\/wp\/v2\/comments?post=41"}],"version-history":[{"count":0,"href":"https:\/\/www.sverigeborren.com\/index.php\/wp-json\/wp\/v2\/pages\/41\/revisions"}],"wp:attachment":[{"href":"https:\/\/www.sverigeborren.com\/index.php\/wp-json\/wp\/v2\/media?parent=41"}],"curies":[{"name":"wp","href":"https:\/\/api.w.org\/{rel}","templated":true}]}}