{"id":107,"date":"2018-04-04T14:12:54","date_gmt":"2018-04-04T14:12:54","guid":{"rendered":"https:\/\/sverigegaddan.wordpress.com\/?page_id=107"},"modified":"2018-04-04T14:12:54","modified_gmt":"2018-04-04T14:12:54","slug":"teams-gaddan-2020","status":"publish","type":"page","link":"https:\/\/www.sverigeborren.com\/index.php\/teams-gaddan-2020\/","title":{"rendered":"TEAMS Abborre sommar 2022"},"content":{"rendered":"\n<p>Vi har f\u00f6r n\u00e4rvarande ingen limit p\u00e5 hur m\u00e5nga teams som f\u00e5r vara med i t\u00e4vlingen. Nedan ser ni dem anm\u00e4lda lagen f\u00f6r tillf\u00e4lligt.<\/p>\n\n\n\n<ol class=\"wp-block-list\"><li>Frazzarna<\/li><li>Trassel Casters<\/li><li>Team MotVind<\/li><li>Team EDAenmiljontolv<\/li><li>Team Abborrj\u00e4garna<\/li><li>Team Terhi<\/li><li>Team T\u00f6rstig<\/li><li>Team Vi2Borrebutiken<\/li><li>Team zilch<\/li><li>Basstant<\/li><li>Team TKS\/Titan Pro Tackle<\/li><li>Dajo fishing team<\/li><li>Team Snipfiske<\/li><li>Team Tr\u00e4dakuten<\/li><li>LK Fishing Team<\/li><li>Ranger danger<\/li><li>Team Silver Viking<\/li><li>Kuken ox\u00e5!<\/li><li>Team Metergris<\/li><li>Team By (JAEGER Fishing)<\/li><li>N.A. B\u00c5TH<\/li><li>Team \u00c4ngsviken<\/li><li>Team SverigeG\u00e4ddan<\/li><li>Team AL<\/li><li>Team Trassel<\/li><li>Team Slaka Sp\u00f6n<\/li><li>TCH Fishing<\/li><li>TCH fishing 2<\/li><li>PEARCHORAMA<\/li><li>Team Framesmountain<\/li><li>ThorreBaits<\/li><li>Team Newbie<\/li><li>Ynwa<\/li><li>Team Banjoland<\/li><li>Team Smells Fishy?<\/li><li>Pousars<\/li><li>YLure Fishing<\/li><li>Team Fengersfors<\/li><li>TEAM KBK<\/li><li>Team F\u00f6ssta Tossdan i Mass<\/li><li>Woodroadlures<\/li><li>Team Perch bros<\/li><li>Pikefarmers<\/li><li>The Island Hookers<\/li><li>De tv\u00e5 v\u00e4nnerna och Hjalmar<\/li><li>Team HPC<\/li><li>Pikequeen fishing<\/li><li>MegaHugg Sportfiske<\/li><li>Team g\u00e4ddabs<\/li><li>Team Tank<\/li><li>Hborg fishing<\/li><li>Team L\u00e5ngburk<\/li><li>HECHTJ\u00c4GER<\/li><li>Team plock<\/li><li>Team Pajk P\u00f6jks<\/li><li>Team catch<\/li><li>Team Savadill<\/li><li>Team PeTo<\/li><li>Team Jonsson<\/li><li>Team Real St\u00e4ket<\/li><li>Team Masj\u00e4vlar<\/li><li>Flyspin Adels\u00f6<\/li><li>Hangas fishing<\/li><li>Team Asgamar<\/li><li>Team G\u00e4rs<\/li><li>Inlectatio Iacta Est<\/li><li>MojnaFishing<\/li><li>Blind Duck<\/li><li>AM LURES<\/li><li>Rizla<\/li><li>Jahnkesfiske<\/li><li>Team AnDa<\/li><li>Team Solveig<\/li><li>Team TC Sportfiske<\/li><li>DP Lures<\/li><li>Team slagugglan<\/li><li>Team Gubbastugan<\/li><li>Team Flyt<\/li><li>Team G\u00e4ddad<\/li><li>Team AJA<\/li><li>Team Sp\u00f6Kn\u00e4ck<\/li><li>Team stickelback<\/li><li>Wickman Anglers<\/li><li>P&amp;M Tegeltr\u00e4sk<\/li><li>Vilsen fiskare<\/li><li>Team Figge<\/li><li>PPD-Fishing<\/li><li>Team Inge Napp<\/li><li>Team NoFish<\/li><li>Team PT tegeltr\u00e4sk<\/li><li>Sk\u00e5ne Perch Squad<\/li><li>Team Gransp\u00e5ng<\/li><li>Kn\u00e5da B\u00f6js<\/li><li>Tranerud Fishing<\/li><li>Team Sn\u00e4rT<\/li><li>Proper Fishing<\/li><li><\/li><li><\/li><li><\/li><li><\/li><li><\/li><li><\/li><\/ol>\n","protected":false},"excerpt":{"rendered":"<p>Vi har f\u00f6r n\u00e4rvarande ingen limit p\u00e5 hur m\u00e5nga teams som f\u00e5r vara med i t\u00e4vlingen. Nedan ser ni dem anm\u00e4lda lagen f\u00f6r tillf\u00e4lligt. Frazzarna Trassel Casters Team MotVind Team EDAenmiljontolv Team Abborrj\u00e4garna Team Terhi Team T\u00f6rstig Team Vi2Borrebutiken Team zilch Basstant Team TKS\/Titan Pro Tackle Dajo fishing team Team Snipfiske Team Tr\u00e4dakuten LK Fishing [&hellip;]<\/p>\n","protected":false},"author":1,"featured_media":0,"parent":0,"menu_order":0,"comment_status":"closed","ping_status":"closed","template":"","meta":{"footnotes":""},"class_list":["post-107","page","type-page","status-publish","hentry"],"_links":{"self":[{"href":"https:\/\/www.sverigeborren.com\/index.php\/wp-json\/wp\/v2\/pages\/107","targetHints":{"allow":["GET"]}}],"collection":[{"href":"https:\/\/www.sverigeborren.com\/index.php\/wp-json\/wp\/v2\/pages"}],"about":[{"href":"https:\/\/www.sverigeborren.com\/index.php\/wp-json\/wp\/v2\/types\/page"}],"author":[{"embeddable":true,"href":"https:\/\/www.sverigeborren.com\/index.php\/wp-json\/wp\/v2\/users\/1"}],"replies":[{"embeddable":true,"href":"https:\/\/www.sverigeborren.com\/index.php\/wp-json\/wp\/v2\/comments?post=107"}],"version-history":[{"count":0,"href":"https:\/\/www.sverigeborren.com\/index.php\/wp-json\/wp\/v2\/pages\/107\/revisions"}],"wp:attachment":[{"href":"https:\/\/www.sverigeborren.com\/index.php\/wp-json\/wp\/v2\/media?parent=107"}],"curies":[{"name":"wp","href":"https:\/\/api.w.org\/{rel}","templated":true}]}}