{"id":1042,"date":"2020-05-04T10:41:35","date_gmt":"2020-05-04T08:41:35","guid":{"rendered":"http:\/\/sverigegaddan.com\/?page_id=1042"},"modified":"2020-05-04T10:41:35","modified_gmt":"2020-05-04T08:41:35","slug":"kontakta-oss-om-oss","status":"publish","type":"page","link":"https:\/\/www.sverigeborren.com\/index.php\/kontakta-oss-om-oss\/","title":{"rendered":"Kontakta oss \/ Om oss"},"content":{"rendered":"<div>\n<div>&nbsp;<\/div>\n<\/div>\n<div><img loading=\"lazy\" decoding=\"async\" class=\"alignnone size-full wp-image-1333\" src=\"http:\/\/www.sverigeborren.com\/wp-content\/uploads\/2020\/06\/cropped-sverigegc3a4ddan-logo-sverigeborren-1.png\" alt=\"cropped-sverigegc3a4ddan-logo-sverigeborren.png\" width=\"1890\" height=\"471\" srcset=\"https:\/\/www.sverigeborren.com\/wp-content\/uploads\/2020\/06\/cropped-sverigegc3a4ddan-logo-sverigeborren-1.png 1890w, https:\/\/www.sverigeborren.com\/wp-content\/uploads\/2020\/06\/cropped-sverigegc3a4ddan-logo-sverigeborren-1-300x75.png 300w, https:\/\/www.sverigeborren.com\/wp-content\/uploads\/2020\/06\/cropped-sverigegc3a4ddan-logo-sverigeborren-1-1024x255.png 1024w, https:\/\/www.sverigeborren.com\/wp-content\/uploads\/2020\/06\/cropped-sverigegc3a4ddan-logo-sverigeborren-1-768x191.png 768w, https:\/\/www.sverigeborren.com\/wp-content\/uploads\/2020\/06\/cropped-sverigegc3a4ddan-logo-sverigeborren-1-1536x383.png 1536w\" sizes=\"auto, (max-width: 1890px) 100vw, 1890px\" \/><\/div>\n<div>\n<div style=\"text-align:left;\">\n<div style=\"text-align:left;\"><strong>Kontaktuppgifter<\/strong><\/div>\n<div>&nbsp;<\/div>\n<div><strong>SverigeG\u00e4ddan &amp; SverigeBorren<\/strong><\/div>\n<div style=\"text-align:left;\">Mail: Info@SverigeGaddan.com<\/div>\n<div style=\"text-align:left;\">&nbsp;<\/div>\n<div style=\"text-align:left;\"><strong>Kim Sahlstr\u00f6m<\/strong><\/div>\n<div style=\"text-align:left;\">Mail: Kim@SverigeGaddan.com<\/div>\n<div style=\"text-align:left;\">&nbsp;<\/div>\n<div style=\"text-align:left;\"><strong>Jesper Nilsson-Sk\u00f6ld<\/strong><\/div>\n<div style=\"text-align:left;\">Mail: Jesper@SverigeGaddan.com<\/div>\n<hr>\n<\/div>\n<div>&nbsp;<\/div>\n<div style=\"text-align:center;\"><strong>Storyn bakom SverigeG\u00e4ddan &amp; SverigeBorren<\/strong><\/div>\n<div>H\u00f6sten 2018. S\u00e4kert en regnig dag, eftersom det \u00e4r d\u00e5 alla briljanta id\u00e9er f\u00f6ds. Kim Sahlstr\u00f6m, t\u00e4vlingsm\u00e4nniska in i m\u00e4rgen och med ordet &#8220;fiske&#8221; inristat i sitt DNA, hade b\u00f6rjat fundera i banorna kring n\u00e5got v\u00e4lg\u00f6rande f\u00f6r fisket i Sverige. Efter hj\u00e4lp och st\u00f6ttning fr\u00e5n teamkamraterna Patrik och Linus s\u00e5 var funderingen f\u00f6rvandlad till en genomf\u00f6rbar id\u00e9: en t\u00e4vling d\u00e4r anm\u00e4lningsavgiften oavkortat ska g\u00e5 till att st\u00f6dja n\u00e5got v\u00e4lg\u00f6rande \u00e4ndam\u00e5l. Sverigeg\u00e4ddan hade tillslut sett dagens ljus, och gick en lysande framtid till m\u00f6tes.<\/div>\n<div>&nbsp;<\/div>\n<div>F\u00f6r att kunna genomf\u00f6ra en t\u00e4vling d\u00e4r anm\u00e4lningsavgifter inte g\u00e5r till att fylla prisbordet kr\u00e4vs sponsorer som \u00e4r villiga att bidra med priser. Kim och Patrik jagade frenetiskt, man skulle kunna likna det vid ett sorts fiske, och med blandade framg\u00e5ngar till en b\u00f6rjan har de nu tillslut lyckats &#8220;landa&#8221; n\u00e5gra stora namn som \u00e5terkommande f\u00f6rgyller prisbordet med sina grymma g\u00e5vor.<\/div>\n<div>&nbsp;<\/div>\n<div>Under v\u00e5ren 2020 tillkom \u00e4nnu en medlem i Sverigeg\u00e4ddans crew, en flitig t\u00e4vlingsdeltagare vid namn Jesper. Hans k\u00e4rlek till b\u00e5de fiske och att uttrycka sig i skrift resulterar i grymma artiklar, sponsornyheter samt att han med ljus och lykta letar efter nya fantastiska sponsorer. Vi i Sverigeg\u00e4ddan \u00e4r v\u00e4ldigt tacksamma \u00f6ver att ha lyckats v\u00e4rva honom!<\/div>\n<div>En genomg\u00e5ng av t\u00e4vlingens historik kommer h\u00e4r, aningens kortfattat:<\/div>\n<div>2018 &#8211; H\u00f6sten detta \u00e5r genomf\u00f6rdes den allra f\u00f6rsta t\u00e4vlingen, d\u00e4r 41 starka lag anm\u00e4lde sig och bidrog med sammanlagt 8200:- till Sportfiskarna.<\/div>\n<div>2019 &#8211; V\u00e5rt\u00e4vlingen drog till sig ett st\u00f6rre intresse, och 68 lag deltog denna g\u00e5ng. 13600:- rakt in i Sportfiskarnas kassa.<\/div>\n<div>Sedan kom h\u00f6stt\u00e4vlingen samma \u00e5r, och nu sm\u00e4llde det till ordentligt i deltagarlistan. 134 lag gjorde upp om pallplatserna, och denna g\u00e5ng bidrog vi med fantastiska 26800:- till Sportfiskarnas ungdomsverksamhet.<\/div>\n<div>&nbsp;<\/div>\n<div>Vi \u00e4r v\u00e4ldigt glada \u00f6ver att vi allihop kunnat bidra med s\u00e5 mycket som hj\u00e4lper fisket i Sverige att forts\u00e4tta vara s\u00e5 bra, som det p\u00e5 m\u00e5nga platser faktiskt \u00e4r. Under fliken &#8220;Sportfiskarna&#8221; kan ni se summorna igen, samt vad pengarna mer specifikt har g\u00e5tt till. Vi hoppas kunna forts\u00e4tta att v\u00e4xa i samma raska takt, f\u00f6r att s\u00e4kra att vi fram\u00f6ver kan forts\u00e4tta att hj\u00e4lpa till och bidra!<\/div>\n<div>&nbsp;<\/div>\n<div>Vi vill rikta ett grymt stort Tack till alla som hittills har deltagit och bidragit till att fr\u00e4mja fisket i Sverige. Ett lika stort TACK skickar vi till alla sponsorer som av god vilja sk\u00e4nkt priser till oss!<\/div>\n<\/div>\n","protected":false},"excerpt":{"rendered":"<p>&nbsp; Kontaktuppgifter &nbsp; SverigeG\u00e4ddan &amp; SverigeBorren Mail: Info@SverigeGaddan.com &nbsp; Kim Sahlstr\u00f6m Mail: Kim@SverigeGaddan.com &nbsp; Jesper Nilsson-Sk\u00f6ld Mail: Jesper@SverigeGaddan.com &nbsp; Storyn bakom SverigeG\u00e4ddan &amp; SverigeBorren H\u00f6sten 2018. S\u00e4kert en regnig dag, eftersom det \u00e4r d\u00e5 alla briljanta id\u00e9er f\u00f6ds. Kim Sahlstr\u00f6m, t\u00e4vlingsm\u00e4nniska in i m\u00e4rgen och med ordet &#8220;fiske&#8221; inristat i sitt DNA, hade b\u00f6rjat fundera [&hellip;]<\/p>\n","protected":false},"author":1,"featured_media":0,"parent":0,"menu_order":0,"comment_status":"closed","ping_status":"closed","template":"","meta":{"footnotes":""},"class_list":["post-1042","page","type-page","status-publish","hentry"],"_links":{"self":[{"href":"https:\/\/www.sverigeborren.com\/index.php\/wp-json\/wp\/v2\/pages\/1042","targetHints":{"allow":["GET"]}}],"collection":[{"href":"https:\/\/www.sverigeborren.com\/index.php\/wp-json\/wp\/v2\/pages"}],"about":[{"href":"https:\/\/www.sverigeborren.com\/index.php\/wp-json\/wp\/v2\/types\/page"}],"author":[{"embeddable":true,"href":"https:\/\/www.sverigeborren.com\/index.php\/wp-json\/wp\/v2\/users\/1"}],"replies":[{"embeddable":true,"href":"https:\/\/www.sverigeborren.com\/index.php\/wp-json\/wp\/v2\/comments?post=1042"}],"version-history":[{"count":0,"href":"https:\/\/www.sverigeborren.com\/index.php\/wp-json\/wp\/v2\/pages\/1042\/revisions"}],"wp:attachment":[{"href":"https:\/\/www.sverigeborren.com\/index.php\/wp-json\/wp\/v2\/media?parent=1042"}],"curies":[{"name":"wp","href":"https:\/\/api.w.org\/{rel}","templated":true}]}}